75 = 3*y + 4*l, 5*y = -3*l + 1392. List the prime factors of y/21 - 4/14.
13
Suppose 22*z = 27*z - 950. List the prime factors of z.
2, 5, 19
Let n = -64 - -166. List the prime factors of n.
2, 3, 17
Suppose -3*n + 5*n = 82. What are the prime factors of n?
41
Let s(c) = -c**2 + 8*c - 9. Let p be s(6). Suppose 5*k = 2*o - p, -3*o + 6 = 2*k - 8. Suppose -j + 24 = -2*i, -19 = 4*i + k. List the prime factors of j.
2, 7
Let c be ((-8)/12)/(4/(-54)). Suppose -c = -3*x + 2*g - 4, 2*x - 5*g = 7. What are the prime factors of ((-2)/x)/(-2)*3?
3
Suppose -6*i + 350 = 68. List the prime factors of i.
47
Suppose -4*y = -2*m + 66, 0 = 5*m - 3*y + 5*y - 189. What are the prime factors of m?
37
Let d be (-194)/(-18) + 6/27. Let i(f) = f**3 - 10*f**2 - 9*f - 15. List the prime factors of i(d).
7
Suppose -2*x + 3*f = -6*x + 361, -4*f - 428 = -5*x. List the prime factors of x.
2, 11
Suppose a - 21 = -2*a. Suppose c = -d - 5 + a, 21 = -2*d + 3*c. List the prime factors of (-3)/((-1)/(2 - d)).
3, 5
Let c be (-30)/25*5/(-2). Suppose -5*j + 12 = -v + 5, -v + c = 0. What are the prime factors of j?
2
Suppose -v - 418 = -4*g + 245, -v = -2*g + 331. What are the prime factors of g?
2, 83
Suppose 4*a + u = a + 16, 0 = 2*a + 2*u - 16. Suppose a*w = 5*q + 75 + 19, 5*q = -10. List the prime factors of w.
3, 7
Let w(u) = 2*u**2 - 7*u - 24. What are the prime factors of w(8)?
2, 3
Let h = -26 - -25. Suppose -4*a - 19 = 3*t, 0 = 5*a + t + 8 + 2. List the prime factors of 2*h - (a - 24).
23
Let o(r) = -6*r - 3. Let k be (-204)/36 - (-1)/(-3). What are the prime factors of o(k)?
3, 11
Let j(i) = 2*i**3 + i**2 - 2*i + 1. Let f(w) = 4*w**3. Let m be f(1). Suppose m*b + b = 5. List the prime factors of j(b).
2
Let x(c) = c**2 + 12*c + 11. What are the prime factors of x(-13)?
2, 3
Suppose 4*k + 5*w = 288, 3*w - 5 = 7. List the prime factors of k.
67
Let o(t) = 2*t**2 - 11*t - 4. Let b be o(8). Suppose 8*y - 10*y = -b. List the prime factors of y.
2, 3
Suppose 0 = 2*d - 3*d - 5*g - 3, -5*d - 2*g + 8 = 0. Suppose d*m - 30 = -0*m. List the prime factors of (0 + -1)*m/(-5).
3
Suppose 2*a = 5*x - 15, 0 = 2*x + 4*a - 32 + 2. Suppose x*p = 4*i - 21, -2*i - p = 12 - 33. List the prime factors of i.
3
Let l(h) = h**2 - 17*h + 47. List the prime factors of l(20).
107
Let s(j) = -j**3 - 11*j**2 + 24*j - 14. What are the prime factors of s(-14)?
2, 7, 17
Suppose -g - 27 = 4*w - 2*w, -127 = 5*g + 2*w. Let i = g + 36. What are the prime factors of i?
11
Let r(i) = i**2 + 5*i + 2. Let j be r(-5). What are the prime factors of j - -1 - (-11 - -6)?
2
Let j(v) = -3*v - 4. Let n(q) = q**3 - 6*q**2 + 4*q + 2. Let t be n(5). List the prime factors of j(t).
5
Suppose q - 2 = 1. Suppose -j - 9 - q = 0. Let i = -2 - j. List the prime factors of i.
2, 5
List the prime factors of (-4 - -16)*2/4.
2, 3
Suppose -4*h - 20 = 0, -5*h + 10*h + 44 = d. Let b = 27 - d. What are the prime factors of b?
2
Suppose 0*b - 1020 = -3*b + 5*t, -2*t = -b + 340. What are the prime factors of b?
2, 5, 17
Let v(d) = d**2 - 4*d + 4. Let m be 46/10 - 6/10. What are the prime factors of v(m)?
2
Suppose p - 6*w = -4*w + 6, 5*w = p - 15. Suppose p = t + 2*t - 57. List the prime factors of t.
19
Suppose 0 = -2*v - 4*m + 36 + 114, 0 = -5*v - 2*m + 407. What are the prime factors of v?
83
Suppose -60 = 5*t - 0*t. List the prime factors of (-272)/(-4)*(-3)/t.
17
Let k(b) = b**2 - 13*b - 14. List the prime factors of k(21).
2, 7, 11
Let v be -1 + (-1 - -10)/3. Suppose f - 52 = v. Suppose 5*i - c - 10 = 38, -3*c - f = -5*i. List the prime factors of i.
3
What are the prime factors of (-1 + (1 - 1))/(1/(-89))?
89
Suppose 5*s - 101 = 4*j, 5*s + 39 = 2*j + 132. Suppose -2*v - 3 = -s. Let p(m) = m - 3. List the prime factors of p(v).
2
Suppose -2 + 6 = h. Suppose h*v - 46 = -4*u - 10, 3*v + 4*u - 31 = 0. List the prime factors of v.
5
Suppose -2 - 12 = -h. Let q be h/(-4)*(-4)/2. Suppose q*v - 2*v - 10 = 0. List the prime factors of v.
2
Suppose 3*c + 3*u + 42 = 0, -u - 4*u = 4*c + 52. Let a = c - -27. What are the prime factors of a?
3
Let b = -9 - -15. Suppose 2*l + 54 = b*l + 3*m, -4*l - m + 58 = 0. What are the prime factors of l?
3, 5
Let r(m) = m + 10. Let d be r(-10). Suppose 15 = -d*f + 3*f. List the prime factors of f.
5
Suppose -4*v - b + 197 = 0, -3*v + 3*b + 204 - 60 = 0. What are the prime factors of v?
7
Let b = 6 + -13. Let o = -5 - b. Suppose -o*g - 24 = -4*g. What are the prime factors of g?
2, 3
Let k = -33 - -59. List the prime factors of k.
2, 13
Let n = 13 - -19. Suppose -62 = -5*r + c, -2*r + n + 6 = 4*c. List the prime factors of r.
13
Suppose -2*b - 3*d = -d + 2, 3*b + d - 3 = 0. Suppose 12 = b*c + c. Suppose -3*j = -22 + c. List the prime factors of j.
2, 3
Suppose 2*x - 63 = 4*x - 3*t, 0 = -4*t + 20. Suppose v + 4 = 1. What are the prime factors of x/v*-2*-1?
2
Let a be (-10 + -1)*-2 - 2. Let i = -13 + a. Suppose -m + 3 + i = 0. List the prime factors of m.
2, 5
Suppose 0 = 5*s + 7*x - 3*x + 20, 0 = -2*x - 10. Let j be (2 - 6)/(1/(-14)). Suppose j = -s*b + 4*b. List the prime factors of b.
2, 7
Suppose 5*d - 46 - 29 = 0. What are the prime factors of ((-42)/15)/((-3)/d)?
2, 7
Let k(v) = 1 - 4*v**2 + v + v**3 + 0 + 2*v**2. Let i be k(2). Suppose i*y - 29 = 1. List the prime factors of y.
2, 5
Let z(c) = 5*c**3 - c**2 - c + 1. Let n be z(1). Suppose -2*h = 4, 0 = -4*w - w - n*h + 22. What are the prime factors of w?
2, 3
Suppose 4*d = 8*d - 644. List the prime factors of d.
7, 23
Let g(t) = -t**2 + 12*t + 2. Let n be g(10). Let m = n + -10. What are the prime factors of m?
2, 3
Suppose p = 3*a - 8 + 3, -5*p = -3*a + 1. Suppose 6*r - 5 = r, a*v + 4*r - 16 = 0. Let t = v - 2. What are the prime factors of t?
2
Let s = 14 + -9. Suppose -5*w = 15, 0*w - w = s*a - 92. What are the prime factors of a?
19
Suppose 7*y - 407 + 78 = 0. List the prime factors of y.
47
Suppose -2*p + 9 = -2*a - 5, 2*p - 4 = a. What are the prime factors of 2/10 + (-88)/a?
3
What are the prime factors of (-2 + 0 - -3) + 43?
2, 11
Let s(p) = -p**3 - 7*p**2 + 6*p - 8. Let f = -1 + 0. Let g be f - (-1 + 0 + 8). What are the prime factors of s(g)?
2
Let g(k) be the second derivative of k**7/2520 - k**5/40 - k**4/6 + 2*k. Let d(t) be the third derivative of g(t). List the prime factors of d(-3).
2, 3
Let u be 3/(0 - 6/8). List the prime factors of (-85)/(-20) - (-1)/u.
2
Let x = 44 + -10. List the prime factors of x.
2, 17
Let y(t) = -t + 13 + 0*t - 2*t. List the prime factors of y(-7).
2, 17
Let t be (1/(-4))/((-8)/96). List the prime factors of t - 3 - -23 - 2.
3, 7
Let u(y) = -y**3 + 9*y**2 - 5*y - 10. Let p be 24/14 - 8/(-28). Suppose 0 = -p*b + b + 8. What are the prime factors of u(b)?
2, 7
Let h = 1 + 1. Suppose -2*w = -7*w + h*i + 83, 2 = 2*i. Suppose -m - w = -2*m. List the prime factors of m.
17
Let g(d) = -d**3 + 8*d**2 + 7*d - 7. List the prime factors of g(7).
7, 13
Suppose 5*r + 2*o - 303 = 0, -2*o = 5*r + o - 307. What are the prime factors of r?
59
Let l be 8/10*(-5)/(-2). Suppose 4*r - p = 23, 0 = l*r - p + 5*p + 2. List the prime factors of r.
5
Suppose 12 = 5*f + 2. Suppose 2*u = -f*d + 30, -u - 3*d = -8*d - 39. What are the prime factors of u?
19
Let m be 2/(-4)*(-10 - 0). Suppose 3*w - 26 = -m. List the prime factors of w.
7
Let c(w) = w**3 - 5*w**2 - 7*w - 9. Let v be c(7). Let l = -18 + v. List the prime factors of l.
2, 11
What are the prime factors of 3/(-9) + 924/18?
3, 17
Suppose -5*f = -3*f + 4*p - 20, 3 = -p. List the prime factors of f.
2
Let w = 4 + -7. Let s(y) = y**3 + 4*y**2 + 2*y - 2. Let p be s(w). List the prime factors of (p/(-2))/(2/(-48)).
2, 3
Suppose -4*k + 6*k = 5*q + 152, -248 = -4*k - 4*q. List the prime factors of k.
2, 3, 11
Let s = 4 + -2. Suppose 4*z - 5*z + 4 = 0. Suppose z*h - h + s*c = 43, 41 = 3*h + c. What are the prime factors of h?
13
Let u = 67 + -9. What are the prime factors of u?
2, 29
Suppose -2*s + 14 = -4*d + 6*d, 2*d + 3*s - 10 = 0. List the prime factors of d.
11
Suppose i - 23 = -0*i. List the prime factors of i + (2 - 5) - -1.
3, 7
Let y(f) = f**3 + 10*f**2 - 10*f + 11. Let t be y(-11). Suppose 4*s + 7 + 21 = t. Let x(h) = -2*h - 5. What are the prime factors of x(s)?
3
Let v(n) = -n + 3. Let m be (-2)/(-7) + 58/(-7). What are the prime factors of v(m)?
11
Let p(n) = n + 11. What 